 u(a) = -4*a - 7. Let z(j) = 2*j + 5. Let c(q) = -2*u(q) - 3*z(q). Determine c(1).
1
Suppose 2 = 14*d - 15*d - 4*b, b = 1. Let w(g) = -g**2 - 7*g - 10. Give w(d).
-4
Let v(k) = k**2 + 5*k - 7. Let d = 10 + 0. Let j be 14/(-35) - (-44)/d. Suppose -5*t - 40 = -0*t - 3*o, j*o = 5*t + 45. What is v(t)?
-7
Let o(v) = 6*v + 26. Let q(x) = -21 - 5*x - 6 + 6 - 4. Let c(z) = 6*o(z) + 7*q(z). Give c(8).
-11
Let o = 13 + -15. Let d(r) = 3*r + 3*r + 0 - 4*r + 17. Let x(l) = l + 8. Let m(n) = -6*d(n) + 13*x(n). Determine m(o).
0
Suppose 18 = 11*d - 26. Let k(f) = -2*f**2 + 7*f - 4. What is k(d)?
-8
Let s(a) = a**3 + a**2 + a + 2. Let p be (6/(-4))/((-12)/32). Suppose -4*j - 2*z = -5*z - 14, 5*z = -10. Let f be p + (j + -2 - 4). Determine s(f).
2
Suppose 3 = 2*v + 1. Let a be v*(2 + 6/3). Let h(d) be the third derivative of -d**4/24 - 2*d**3/3 + 2*d**2. Determine h(a).
-8
Let k be 2/(-8) - 100/(-16). Let c(v) = 3*v + k*v + 5 - 2*v - 1. What is c(3)?
25
Let f(o) = -4*o. Suppose -2*d = 2*d. Let t(a) = 6*a - 4*a - 3*a + d*a - 1. Let x be t(-3). What is f(x)?
-8
Let s(k) = k**3 - 11*k**2 + 2. Let d be (90/(-60))/(1/2) + 14. Give s(d).
2
Let t(a) = a**3 + 4*a**2 + 3*a + 6. Suppose -8*z + 60 = 4*z. Let l(r) = r - 9. Let h be l(z). Give t(h).
-6
Let q(s) = 3*s**2 + 19*s - 17. Let h = -656 + 649. Calculate q(h).
-3
Let w(l) = -l - 1. Let n(t) = 7*t + 11. Let h(r) = n(r) + 4*w(r). What is h(-6)?
-11
Let v(i) = i**3 - 4*i**2 + 2*i - 4. Let j be 5 + -2 + 3/9*3. Give v(j).
4
Let o(k) = 5*k - 2. Let u(y) = -5*y**2 - 4 - y + 5*y**2 - 6*y**2 - y**3. Let p be u(-6). Calculate o(p).
8
Let c be (-23)/(-7) + (-28)/98 + 1. Suppose -f + c*z = 5*z + 9, -4*f = -2*z + 12. Let v(b) = -3*b + 2*b + 0 + 2. What is v(f)?
7
Let w(n) = -n - 19. Let r be w(-18). Let i(z) = -2*z**3 + 3 - 3 + z**2 + z. Determine i(r).
2
Let d(h) = 2*h - 2. Let j = -14 - -14. Suppose 0*r - 4*r + 8 = j. Suppose 2*a + 5*b = 18, 3*a + r*b = 6*a - 8. Determine d(a).
6
Let s(p) = p**2 + 2*p - 3. Let u(q) = 2*q**2 - 5*q + 2. Let m be u(3). Suppose -m*r - 4*h = -6, 2*h - 14 = 3*r - 0*h. Let i be ((-36)/15 - r)*-5. What is s(i)?
5
Suppose j = -5*h + 124, 10*h + 5*j = 8*h + 45. Suppose 0 = -4*z - 7 - h. Let q(x) = x - 1. Determine q(z).
-9
Suppose 36*u = 37*u + 84. Let m = u + 78. Let g(x) = -x - 3. Determine g(m).
3
Let w(s) = s + 3. Let u be w(-5). Let z(g) = -2*g - 6. Let f(k) = -k - 1. Let h(q) = -7*f(q) + z(q). Determine h(u).
-9
Let l(i) be the first derivative of 2*i**3/3 - i**2/2 + 2*i + 169. Let m be (-2)/(-8) + (-78)/24. Determine l(m).
23
Suppose 0 = -2*d + s + 4 + 3, -3*s + 29 = 4*d. Suppose t = -2*b + d, 3*b = -4*t + 17 + 3. Let i(y) = 12*y**3 - 3*y**2 - t*y**3 - 6*y**3 + 2. Calculate i(2).
-2
Let g = -5 - -7. Let m be (48/(-40))/((-9)/150). Let d(z) = z - 18*z**2 - m*z**2 - 1 + 35*z**2. Determine d(g).
-11
Let m(d) = 0*d**2 + 0*d**2 + 2*d**2 - 4*d + 3*d**2 + 3 + d**3. Let b = 6 + -11. Let r = b + -1. Determine m(r).
-9
Let o(x) = x**2 + 4*x - 1. Let n(i) = -i + 5 - 2 + 0. Let b be n(2). Let d be b/(3 - 64/20). Determine o(d).
4
Let f(k) be the third derivative of k**4/24 + 14*k**2. Let c(r) = 4*r + 1. Let m(a) = -c(a) + 5*f(a). Calculate m(5).
4
Let s(a) be the second derivative of a**4/12 + a**3/6 - 11*a. Let z be (3/2)/(15/(-40)). Determine s(z).
12
Suppose i - 4*s - 14 - 13 = 0, 5*s = 3*i - 88. Let p(g) = -i + 24 - g + 13. Calculate p(3).
3
Let d(q) = -q - 10. Let i(c) = 2*c + 13. Let n(k) = -2*d(k) - 2*i(k). Give n(-5).
4
Let t(p) be the first derivative of 4 + 1/2*p**2 - p + 1/3*p**3. Calculate t(0).
-1
Let f(d) = 4*d + 2. Let u be (-2 - -1)/((-5)/25). Let c = u - 6. Let g(o) = o + 1. Let n(z) = c*f(z) + 2*g(z). Calculate n(-3).
6
Let s be (8/6)/((-2)/(-6)). Let d(j) = 23*j - 1. Let w(t) = 56*t - 3. Let i(p) = 5*d(p) - 2*w(p). What is i(s)?
13
Let h be 4 + -11 + (1 - -5). Let m(z) = 3*z - 1. Calculate m(h).
-4
Suppose 116*a - 117*a - 1 = 0. Let r(x) = -7*x - 1. Give r(a).
6
Let k(m) = 0*m**3 + 1 - 3 - m**3 - 5*m**2 - 5*m. Let z = 23 + -20. Suppose 5*g + 1 = -2*t, -t + 1 = z*g + g. Give k(t).
-5
Let w(z) = -162*z**2 + 8*z - 5*z**3 + z**3 + 157*z**2 - 3. Let v be w(2). Let p = v - -42. Let l(o) = -o**3 + 5*o**2 - 4*o + 3. Give l(p).
9
Let f(d) = -2*d - 23. Suppose -36 = 3*j + 3*w, -9*j = -4*j - 3*w + 44. Determine f(j).
-3
Let t = 0 + -3. Let n(l) be the third derivative of 0*l + 1/6*l**3 + 1/12*l**4 + 0 - 1/30*l**5 - 1/120*l**6 - 4*l**2. What is n(t)?
4
Let r(o) = 3*o**2 - 19*o + 2. Let w(l) = 2*l**2 - 13*l + 1. Let j(s) = -5*r(s) + 7*w(s). Let g be (-12)/4 + (-4 - -10). Calculate j(g).
0
Let v = -46 - -49. Let y(k) = -1. Let u(p) = p. Let m(d) = 5*u(d) + 4*y(d). Let h(g) = -g + 1. Let q(c) = -4*h(c) - m(c). Calculate q(v).
-3
Let d(v) be the second derivative of v**4/12 - v**3/6 - 2*v**2 + v. Let h(p) = 7*p + 718. Let i be h(-103). Calculate d(i).
8
Let g(c) = -c**3 + 5*c**2 - 5*c + 7. Suppose 0 = 39*t - 3*t - 180. Calculate g(t).
-18
Suppose -3*k = s + 5, -k - k + 20 = -4*s. Let i(b) be the first derivative of -1/3*b**3 - b**2 + 15 + 5*b. Determine i(s).
-10
Let v = -2586 - -2580. Let d(n) = -n**3 - 4*n**2 + 14*n + 2. Give d(v).
-10
Let n = -184 + 182. Let z(y) = -2*y - 3. What is z(n)?
1
Suppose 8*k = 9*k. Let z be k/(-2) - 24/4. Let v(u) = -u - 6. Determine v(z).
0
Suppose -30*r + 56 = -16*r. Let m(w) = 0*w + 0 - w - 2. Give m(r).
-6
Let v be 315/42*4/6. Let s(w) = -w**2 + 5*w - 6. Calculate s(v).
-6
Let m(z) = 6 - 27*z + 10*z + 16*z. Give m(8).
-2
Let p(b) be the second derivative of -b**5/20 - 3*b**4/4 - b**3/2 - 5*b**2 - 7*b. Suppose 0 = 23*f - 26*f - 27. Determine p(f).
17
Let y(h) = -4*h. Let x(d) = -d. Let b(r) = 9*x(r) - 2*y(r). Suppose 0 = 4*v + 2*v + 36. Determine b(v).
6
Let t = -44 - -49. Let k(j) = 1 - t*j + 5*j + 2*j. Determine k(-4).
-7
Let r(a) = 2*a - 50. Let i be 24 - (-7 + (40/4 - 3)). Give r(i).
-2
Let w(j) = 5*j**2 + 8*j + 13. Let b be w(-3). Let l be 56*2*2/8. Let f = l - b. Let a(r) = -r**2 - 9*r - 1. Give a(f).
17
Let x(q) be the second derivative of -1/2*q**3 - 2*q**2 + 0 - 13*q. Determine x(-4).
8
Let a = 0 - -3. Let p be 5 + (1 + -1)/(-5). Let w(f) = 4*f**a + 4*f**2 - 3 + 0*f**2 + 3*f - p*f**3. What is w(4)?
9
Let y(u) be the first derivative of -5/3*u**3 - 13 + 1/12*u**4 + 14*u + 6*u**2. Let l(a) be the first derivative of y(a). Give l(8).
-4
Let w(u) = -5*u**3 + 12*u**2 + 4*u + 3. Let o(p) = -4*p**3 + 11*p**2 + 3*p + 2. Let s = -4 + 10. Let d(v) = s*o(v) - 5*w(v). What is d(-6)?
9
Let y(s) = s**2 + 6*s + 2. Let d(r) = 3*r**2 + 17*r + 7. Let w(z) = 4*d(z) - 11*y(z). Calculate w(-4).
14
Let k be (-3)/(-4)*960/72. Let d(w) = -2*w**2 + 15*w - 14. Give d(k).
-64
Let i(c) = 1 + 2 + 5 - c - 5. Let d be (-5)/(3/12*4). Let f = 0 - d. What is i(f)?
-2
Let o be (-10)/(-6) + (42/18 - 2). Let v be -2 - o/(-2)*1. Let n(p) = -12*p**3 - 1. Determine n(v).
11
Let u(a) be the second derivative of a**3/6 - 5*a**2/2 + 193*a. Give u(-4).
-9
Let f(d) = -d. Let c = 12 - 9. Let a be -3 - (72/(-4))/c. Let l(w) = -8*w. Let s(o) = a*l(o) - 21*f(o). Determine s(1).
-3
Let k(l) = 11*l**2 + 11*l + 4. Let c(s) = 24*s**2 + 24*s + 9. Let p(g) = -6*c(g) + 13*k(g). Give p(0).
-2
Let w(t) = t**3 - 6*t**2 + 2*t - 8. Let v be w(6). Let c(n) = 2 - 2 + 4*n**2 + v*n - n**3. Suppose 7*g - 7 = 28. Calculate c(g).
-5
Let y(u) be the third derivative of -u**3 + 1/12*u**4 + 0 + 36*u**2 + 0*u. Calculate y(7).
8
Suppose -8*i - i = -81. Let y(f) = 5 - 1 + i + f + 1. Determine y(-8).
6
Let o(u) = 7*u. Let n be 1*(-4 + 1 + 4). Determine o(n).
7
Suppose 73*n = 9*n + 768. Let g(u) be the second derivative of -u**3/6 + 13*u**2/2 + u. Determine g(n).
1
Let u(l) = l. Let p(d) = 11*d + 1. Suppose -5*f + 34 = -4*f. Let m(t) = 2*t. Let s(x) = f*m(x) - 6*p(x). Let v be s(3). What is u(v)?
0
Let t(r) = 9*r + 3. Let k(d) = 20*d + 7. Let h(l) = -4*k(l) + 9*t(l). Determine h(-6).
-7
Let s = -3 - 2. Let p(j) = j + 1. Let u be p(s). Let m(k) = -2*k**2 + 4*k + 12. Let c(v) = -v**2 + 4*v + 9. Let h(b) = 3*c(b) - 2*m(b). Determine h(u).
3
Let o be ((-3)/6)/((-1)/2). Let m(y) = 2*y**2 + 1. Let j be m(-1). Let l(s) = 2*s - s**j - 1 - s**3 - 5*s**3 + s**3. Give l(o).
-5
Let b(h) = -6*h - 3. Let w(o) = 8*o + 3. Let q(i) = 3*b(i) + 2*w(i). Determine q(-4).
5
Suppose -5*j + 1 = a - 3, -2*j - 4*a = -16. Let g(u) be the third derivative o